 -b**2 - 3*b + 136. Give r(16).
-168
Let t(l) = 2816*l - 22520. What is t(8)?
8
Let c(z) = z - 211. Determine c(0).
-211
Let w(b) = -11*b**2 - 11*b + 24. What is w(2)?
-42
Let d(k) = -k**3 + 8*k**2 - 5*k + 35. Calculate d(8).
-5
Let w(l) = 133*l + 6250. Give w(-47).
-1
Let c(n) = -174*n**3 - n**2 - n - 1. Calculate c(1).
-177
Let h(o) = o**3 - 27*o**2 - 243*o - 43. Give h(34).
-213
Let c(m) = -438*m + 2627. Give c(6).
-1
Let z(h) = -56*h - 26. What is z(-4)?
198
Let l(j) = 16*j**2 - 51*j - 299. Give l(-5).
356
Let a(c) = -c**3 + 22*c**2 - 28*c - 16. Calculate a(21).
-163
Let b(v) = -175*v - 2608. Calculate b(-15).
17
Let o(u) = 77*u + 902. Determine o(-11).
55
Let y(c) = 111*c - 410. Calculate y(4).
34
Let v(a) = -2*a**2 - 70*a + 368. Determine v(-40).
-32
Let l(h) = -h**2 + 46*h - 355. Calculate l(7).
-82
Let i(u) = -u**3 - 36*u**2 + 34*u - 93. Give i(-37).
18
Let y(s) = 161*s + 24798. Determine y(-154).
4
Let u(a) = 2*a**2 + a - 26. Give u(3).
-5
Let q(y) = -3*y**2 + 91*y + 170. What is q(32)?
10
Let r(f) = -f**3 - f**2 + 9*f + 9. Determine r(-3).
0
Let b(g) = 2*g**3 + 15*g**2 - 55*g - 375. Determine b(-8).
1
Let j(c) = -c**3 + 9*c**2 - 29*c + 14. Give j(5).
-31
Let z(o) = -o**3 + 8*o**2 + 33*o - 137. Give z(7).
143
Let o(w) = 4*w**3 + 18*w**2 + 9*w - 5. What is o(-6)?
-275
Let a(k) = -k**3 + 42*k**2 + 177*k + 321. Determine a(46).
-1
Let k(b) = 45*b - 3523. What is k(78)?
-13
Let d(f) = -204*f + 290. Give d(2).
-118
Let x(f) = -142*f + 435. Determine x(3).
9
Let a(f) = -17*f - 266. What is a(-8)?
-130
Let t(x) = x + 11. Determine t(9).
20
Let z(v) = -2*v**3 + 7*v**2 + v - 43. Give z(4).
-55
Let c(a) = -2*a**2 + 11*a + 34. Give c(-5).
-71
Let v(f) = f**3 - 3*f**2 - 3*f + 4. Calculate v(4).
8
Let x(i) = -i**3 - 15*i**2 - 44*i + 62. Give x(-7).
-22
Let t(q) = -9*q**2 - 127*q + 18. Calculate t(-9).
432
Let u(x) = -3*x**3 + 6*x**2 + 3*x + 10. Calculate u(0).
10
Let h(j) = -5*j - 203. Calculate h(-43).
12
Let r(n) = 2*n**3 - 39*n**2 + 53*n + 20. What is r(18)?
2
Let n(q) = -123*q - 3815. Calculate n(-31).
-2
Let v(h) = h**3 - 6*h**2 + 4*h - 10. Calculate v(6).
14
Let f(p) = -3*p**3 + 9*p**2 - 14*p - 69. What is f(-5)?
601
Let w(l) = 22*l - 387. Calculate w(17).
-13
Let a(r) = -r**3 - 93*r**2 - 2133*r - 45. Determine a(-41).
-4
Let h(q) = -19*q + 457. Determine h(-11).
666
Let d(b) = b**3 + 12*b - 151. Determine d(0).
-151
Let s(h) = -h**3 - h**2 + 420*h - 836. What is s(2)?
-8
Let p(l) = l**2 + 24*l - 26. What is p(-11)?
-169
Let g(c) = c**2 - 23*c + 124. Give g(19).
48
Let t(m) = m**2 - 1572*m + 4712. Calculate t(3).
5
Let h(q) = 6*q - 12. Give h(22).
120
Let m(z) = -582*z - 1729. Determine m(-3).
17
Let g(o) = -106*o - 1249. Calculate g(-14).
235
Let t(w) = -3*w**3 - 50*w**2 - 200*w + 11. Determine t(-10).
11
Let m(i) = 17*i + 350. Give m(-18).
44
Let j(d) = -503*d + 3549. Calculate j(7).
28
Let v(q) = 1732*q + 15574. Determine v(-9).
-14
Let f(c) = 3*c**2 - 31*c + 79. Give f(6).
1
Let l(r) = 3*r**2 - 93*r - 141. Calculate l(33).
57
Let b(k) = 3*k**3 - 180*k**2 + 5*k - 47. Give b(60).
253
Let j(c) = 13*c + 887. What is j(-90)?
-283
Let z(l) = -15*l**2 + 63*l + 32. Give z(5).
-28
Let u(x) = -155*x + 31315. Give u(202).
5
Let g(i) = -2*i**2 + 38*i - 88. Calculate g(17).
-20
Let z(n) = -40*n - 103. What is z(-13)?
417
Let m(h) = -h**3 + 7*h**2 + 7*h + 24. Give m(8).
16
Let m(f) = 2*f**2 + 17*f + 62. Give m(-11).
117
Let m(t) = -t**3 + 42*t**2 + 391*t + 471. Determine m(50).
21
Let j(x) = -68*x + 3167. Give j(46).
39
Let c(g) = 2415*g - 43470. Give c(18).
0
Let p(j) = 2*j**3 + 62*j**2 + 440*j + 26. What is p(-11)?
26
Let z(k) = k**2 + 9*k + 47. Calculate z(-5).
27
Let v(y) = 2*y**3 + 60*y**2 + y + 1916. Calculate v(-31).
-37
Let b(h) = 46*h**3 + h**2 + 5*h - 7. Determine b(1).
45
Let c(i) = -2*i**3 - 2*i**2 + 83*i + 1. Give c(6).
-5
Let h(u) = -1378*u + 31714. Determine h(23).
20
Let t(g) = 53*g + 3. What is t(-3)?
-156
Let j(g) = -41*g + 2892. Determine j(68).
104
Let m(g) = -22*g - 668. Determine m(-34).
80
Let o(f) = -65*f**2 - 47*f + 455. Determine o(-3).
11
Let w(j) = j**3 - j**2 - 17. Determine w(0).
-17
Let h(y) = y**2 + 47*y + 206. Determine h(-5).
-4
Let i(y) = -y**3 - 88*y**2 + 667*y + 184. What is i(-95)?
-6
Let h(g) = 57*g + 962. Give h(-18).
-64
Let x(g) = -g**3 + 6*g**2 - 6*g + 54. What is x(5)?
49
Let f(c) = -2*c**2 - 4*c + 85. Calculate f(0).
85
Let y(n) = -n**2 - n + 1. Give y(5).
-29
Let p(y) = -19*y**2 - 23*y + 53. What is p(3)?
-187
Let n(a) = -5462*a + 32791. What is n(6)?
19
Let l(k) = -k**2 + 1222*k + 4900. Determine l(-4).
-4
Let i(s) = s**3 + 13*s**2 + 14*s - 35. Calculate i(-8).
173
Let p(s) = 498*s + 1031. Give p(-2).
35
Let o(u) = u**3 + u**2 - 4*u - 11. What is o(-3)?
-17
Let d(q) = q**3 - 34*q**2 + 222*q + 29. Determine d(9).
2
Let w(a) = 40*a**3 + 5*a**2 - 150*a + 287. Calculate w(2).
327
Let w(a) = -17*a**2 - a - 6. Determine w(4).
-282
Let y(j) = j**3 + 51*j**2 - 157*j + 309. Calculate y(-54).
39
Let v(n) = n**3 + 13*n**2 - 14*n - 28. Give v(-14).
-28
Let r(q) = -4*q**2 - 20*q + 9. Calculate r(5).
-191
Let h(r) = -11*r**2 - 257*r - 7. Determine h(-25).
-457
Let u(k) = -k**3 + 11*k**2 - 85*k + 737. Give u(10).
-13
Let o(c) = c**2 + 1713*c + 42215. Determine o(-25).
15
Let y(x) = -111*x + 1277. Determine y(9).
278
Let d(f) = 80*f - 918. Give d(11).
-38
Let i(l) = -127*l - 830. Determine i(-6).
-68
Let o(y) = 3*y**3 + 7*y**2 + 122*y + 241. Calculate o(-2).
1
Let o(f) = -712*f + 1428. Determine o(2).
4
Let k(t) = 82*t + 496. What is k(-6)?
4
Let i(d) = -26*d + 193. Calculate i(7).
11
Let s(v) = v**2 + 53*v - 483. Determine s(8).
5
Let s(p) = p**2 - 32*p - 218. What is s(-6)?
10
Let o(j) = 18*j - 1305. Calculate o(63).
-171
Let d(c) = -21*c - 34. Calculate d(13).
-307
Let d(s) = 13*s + 2785. Determine d(-214).
3
Let r(t) = t**2 + 7*t + 15. Give r(-5).
5
Let s(a) = -124*a - 800. What is s(-7)?
68
Let p(o) = o**2 - 101*o + 1483. Calculate p(18).
-11
Let z(g) = -4*g**2 + 172*g + 712. Give z(-4).
-40
Let h(p) = p**3 + 14*p**2 - 53*p - 15. What is h(-17)?
19
Let c(l) = -26*l + 150. Calculate c(6).
-6
Let j(h) = -4*h**3 + 416*h**2 + 11*h - 1140. What is j(104)?
4
Let n(v) = 52*v + 133. Calculate n(-2).
29
Let j(h) = -h**3 + 165*h**2 + 320*h + 2432. What is j(167)?
94
Let h(y) = 17*y**2 + y + 6. Determine h(4).
282
Let l(x) = 133*x + 4249. Calculate l(-32).
-7
Let j(y) = -6*y - 337. Determine j(-23).
-199
Let c(b) = -b**3 + 16*b**2 + 12*b - 168. Calculate c(16).
24
Let m(h) = -h**3 + 8*h**2 - 11*h + 14. What is m(10)?
-296
Let s(t) = 157*t + 908. What is s(-4)?
280
Let y(j) = j**2 + 76*j + 77. Determine y(-1).
2
Let u(r) = -279*r - 3713. What is u(-13)?
-86
Let q(h) = -35*h - 4897. Calculate q(-140).
3
Let b(l) = l**2 + 104*l - 883. Give b(8).
13
Let i(w) = -9*w**2 + 386*w - 3501. Determine i(13).
-4
Let o(x) = 37*x + 258. Give o(-7).
-1
Let f(w) = 2*w**3 - 124*w**2 + 238*w + 166. Determine f(60).
46
Let p(k) = -k**3 + 5*k**2 + 18*k + 57. Give p(-9).
1029
Let i(b) = -b**2 + 39*b + 27. What is i(37)?
101
Let m(t) = 117*t - 5620. Calculate m(48).
-4
Let p(i) = i**2 - 10*i - 124. Determine p(21).
107
Let a(u) = -2*u**2 + 13*u + 585. Determine a(-14).
11
Let h(z) = -499*z - 48896. Calculate h(-98).
6
Let a(t) = -2*t**3 - 24*t**2 - 3*t - 48. Calculate a(-12).
-12
Let b(x) = -x**2 + 2461*x - 7378. Give b(3).
-4
Let n(b) = -21*b + 40. Determine n(1).
19
Let u(m) = 7*m**2 - 11*m + 57. Calculate u(4).
125
Let r(h) = -h**2 + 43*h + 58. What is r(45)?
-32
Let l(h) = -h**3 - 92*h**2 - 104*h - 1265. Calculate l(-91).
-82
Let d(j) = j**3 + 43*j**2 + 99*j + 66. Give d(-41).
-631
Let i(m) = -5*m**2 + 90*m - 33. Determine i(16).
127
Let n(c) = -2*c**2 - 12*c - 23. Determine n(-5).
-13
Let q(a) = 3*a**3 - 79*a**2 + 27*a + 1. Determine q(26).
27
Let p(z) = -314*z - 1828. Determine p(-6).
56
Let c(q) = q**3 - 5*q**2 - 464*q - 2090. Determine c(-5).
-20
Let b(n) = -n**3 + 84*n**2 - 106*n + 16266. Give b(85).
31
Let p(g) = 125*g**2 + 508*g + 20. Determine p(-4).
-12
Let h(l) = 2*l**2 - 89*l + 371. What is h(39)?
-58
Let i(o) = 578*o - 1158. What is i(2)?
-2
Let k(v) = -v**3 + 103*v**2 + 317*v + 100. Determine k(106).
-6
Let r(u) = -39*u + 122. Calculate r(-3).
239
Let z(y) = -5*y**2 + 168*y - 268. Determine z(32).
-12
Let y(s) = 1582*s - 20559.